 15.
13
Let d(p) = 5*p - 2*p + 2*p + 9 - 4*p. Let i be d(-5). Suppose -3*n = -i*f + 65, -4*f - 3*n + 47 = -0*f. What is the remainder when 39 is divided by f?
11
Let s = -24 - -62. What is the remainder when s is divided by 14?
10
Let k be (20/(-6))/(14/273). Let h = -5 - k. Calculate the remainder when h is divided by 21.
18
Suppose -51 = -f - 4*k, -f - k - 21 = -60. Let o = -1 - -3. Suppose o*l - 36 = -l. What is the remainder when f is divided by l?
11
Suppose 0 = p - 2*p + 20. Calculate the remainder when 2 is divided by ((-10)/p)/(1/(-2)).
0
Let c = -43 - -121. Let w = c + -45. What is the remainder when w is divided by 5?
3
Suppose 0 = b + 3953 - 3980. What is the remainder when 158 is divided by b?
23
What is the remainder when -2*7/28*-362 is divided by 61?
59
Suppose 0 = 4*q - 5*o - 84, -q - 3*o = -2*o - 21. Suppose q - 16 = u. Calculate the remainder when 14 is divided by u.
4
Suppose l + 4*p = 13, 5*p + 15 = 5*l - 0*l. Let b = -1619 + 1628. Calculate the remainder when b is divided by l.
4
What is the remainder when 128 is divided by (3 + 0 + 1)/((-29)/(-348))?
32
What is the remainder when 126 is divided by -4 + 25/5 - (3 - 7)?
1
Suppose -210 = -f - 4*f. Suppose -f = -5*t + 2*t. Calculate the remainder when 40 is divided by t.
12
Let q(k) = 8*k**2 + 60*k - 3. Calculate the remainder when 108 is divided by q(-8).
21
Let s be (-152)/(-6)*(-27)/6. Let m = s + 161. What is the remainder when m is divided by 24?
23
Let a = 0 - -10. Suppose -31 = -0*y - y + 3*b, -89 = -4*y + 5*b. Let p = 19 - y. Calculate the remainder when a is divided by p.
1
Let x be 57/(-2)*8/(-6). Suppose l + l = x. Suppose -2*w = 4*w - 336. What is the remainder when w is divided by l?
18
Suppose 0 = -10*x + 32 + 88. What is the remainder when 20 is divided by x?
8
Suppose -6*x + 165 = -3*x. Let a = 58 - x. Calculate the remainder when 22 is divided by a.
1
Let m(j) = 49*j + 234. What is the remainder when 106 is divided by m(-4)?
30
Let s(a) = -4*a**3 - 4*a - 9. Calculate the remainder when s(-3) is divided by 28.
27
Let c(v) = -18*v - 1359. Let o be 27/5 + 2/(-5). Suppose -o*n = -3*n - 32. Calculate the remainder when n is divided by c(-76).
7
What is the remainder when ((32/12)/2)/(6/72) is divided by 9?
7
Let k(v) = 40*v**2 - 6*v - 17. What is the remainder when k(-2) is divided by 78?
77
Let z = 7 - 2. Suppose -z*m + 496 = -m. Suppose g = -5*r + m, -2*r + 2*g - 8 = -60. Calculate the remainder when 73 is divided by r.
23
Let g = -462 - -481. Calculate the remainder when g is divided by 2.
1
Suppose 31 = 2*y + 5*x, 0*y = y - 3*x + 1. Suppose -204 + 1020 = y*d. Calculate the remainder when d is divided by 21.
18
Let f(y) = y + 4. Let d be f(-10). What is the remainder when 6/d + (-63)/(-1) is divided by 13?
10
Let u(a) = 19*a**3 + a**2 + a + 1. Let m be u(-1). Let f = -390 - -363. What is the remainder when (-93)/(-2) + f/m is divided by 25?
23
Let v be (-4)/(1 + 1)*143/(-11). Suppose -4*k = i + 17, -5*k + 5 = -0. Let f = i + v. What is the remainder when 12 is divided by f?
2
Let f(g) = -4*g**3 - 16*g**2 - 2*g + 2. Let w = 14 + -4. Suppose w = s - 16. Calculate the remainder when s is divided by f(-4).
6
Let s(f) = 2*f - 6. Let o(q) be the first derivative of 2*q**3/3 + q**2/2 - 12*q + 5. What is the remainder when o(-4) is divided by s(6)?
4
Suppose 4*n = n. Suppose -2*d + 2 + 8 = n. Suppose 19 = 5*x + 4*q, 10 = 5*x - 3*q - 37. Calculate the remainder when x is divided by d.
2
Calculate the remainder when (-4 + 5)/(1/137) is divided by 28.
25
Let w(s) be the third derivative of -s**5/60 + 7*s**4/12 - 11*s**3/2 + 17*s**2. Let d = 26 + 1. What is the remainder when d is divided by w(10)?
6
Suppose 4*y - t - 46 = 0, -4*y - y - 3*t = -66. What is the remainder when (-384)/832 + (-2280)/(-39) is divided by y?
10
Let p(a) = 2*a**3 + 3*a**2 + a. Let b be (42/35)/((-2)/5). Let q be p(b). Let l = -17 - q. What is the remainder when 38 is divided by l?
12
Suppose 0 = -2*n - n. Suppose n = t + 3*t. Suppose 0 = 3*v - t*v - 111. What is the remainder when v is divided by 20?
17
Calculate the remainder when 66 is divided by 20/(6/24*8).
6
Suppose 42 - 2 = 4*g. What is the remainder when 59 is divided by g?
9
Let w = 90 - 47. Suppose g + 20 = 6*g. Suppose -4*l = -g*p - 52, 2*p - 5*p + 5 = l. What is the remainder when w is divided by l?
10
Let h = 77 - 52. What is the remainder when 68 is divided by h?
18
Let s(d) be the first derivative of 2*d**3/3 + 5*d**2 + 6*d - 1. Suppose 2*p = -u - 0*p - 12, -2*p - 6 = 0. What is the remainder when 53 is divided by s(u)?
17
Suppose 5*d = 5*b + 35, -2*b - 2 = d + 3*d. Let l(w) = w**3 + 8*w**2 + 11*w + 34. Calculate the remainder when l(b) is divided by 7.
5
Suppose -3*r = 3*w - 6*r - 285, 5*w - 467 = r. What is the remainder when 464 is divided by w?
92
Suppose -2*g - 5*n + 105 + 106 = 0, n + 477 = 4*g. What is the remainder when g is divided by 20?
18
Let b = -67 + 155. Suppose -b - 112 = -5*c. What is the remainder when c is divided by 23?
17
Let w be 4/(-12) + (-20)/(-6). Suppose -14 = w*d - 35. Suppose -2*s = -d - 15. What is the remainder when 30 is divided by s?
8
Suppose -103 = -v - 5*p - 20, 5*p - 166 = -2*v. Let l = -68 + v. Calculate the remainder when 56 is divided by l.
11
Let u(v) = 18*v + 1031. Calculate the remainder when u(-56) is divided by (1/(-1))/(1/(-3)).
2
Let m = -30 - -43. Suppose 0 = 21*y - 811 + 76. Calculate the remainder when y is divided by m.
9
Let j = -265 - -134. Let w = j - -146. Suppose 0 = -3*i - 6 + 30. Calculate the remainder when w is divided by i.
7
Let n(f) = -f**2 + 7*f + 11. Let a(d) = d**2 - d + 8. Let w be a(0). Suppose 0 = 3*m + 2*m - 50. Calculate the remainder when m is divided by n(w).
1
Let a be 86 - -2 - (-4 + 8). Suppose 0 = 2*s - 2*t - 54, 3*s - a = 5*t - 3*t. Calculate the remainder when 89 is divided by s.
29
Suppose 325 - 1846 = -13*x. Calculate the remainder when x is divided by 15.
12
Calculate the remainder when 262 is divided by 5133/116 + 2/(-8).
42
Suppose 0 = -16*z + 53 + 123. Calculate the remainder when 31 is divided by z.
9
Let y(n) = -2*n**2 - 11*n + 27. Let g(z) = z**2 + 5*z - 14. Let p(h) = 5*g(h) + 3*y(h). What is the remainder when 13 - (-10 - -6 - 2) is divided by p(-8)?
8
Let i be 2115/10 - 2/(-4). Suppose 4*o = -4*l + 64 + i, 0 = -4*o + 8. Calculate the remainder when l is divided by 14.
11
Let g be 3 + 95 - -1*3/(-3). Let x = g - 59. Calculate the remainder when 147 is divided by x.
33
Let c = -128 - -129. Calculate the remainder when 216 + 18 - -2*c/(-2) is divided by 47.
45
Let z = 70 - 66. Suppose -z*b = -2*t - 818, -8*b + 2*t = -3*b - 1020. What is the remainder when b is divided by 34?
32
Let w = 51 - 30. Suppose -6*q - 2516 = -2762. What is the remainder when q is divided by w?
20
Suppose 11*c - 17*c = -78. Suppose k + 4*t = -1, 4*k - 2*t - 41 = 9. Suppose -6*l = -k*l + 180. What is the remainder when l is divided by c?
10
Let q(t) = 9*t - 38. What is the remainder when 74 is divided by q(9)?
31
Suppose -4*w = 33*g - 28*g - 240, 77 = w - 3*g. What is the remainder when 254 is divided by w?
59
Let b(n) = -n**3 + 3*n**2 - 3. Let l be b(5). Let i = l + 21. Let g = i - -52. Calculate the remainder when 57 is divided by g.
17
Let s(l) = -18*l - 22. What is the remainder when s(-22) is divided by 29?
26
Let w(t) = 16*t + 20. Suppose 45 = 3*p + 33. What is the remainder when w(p) is divided by 29?
26
Let d be (1 - -3) + (3 - 7). Suppose 5*k - 6*k - 6 = d. Calculate the remainder when 41 is divided by 8/k*105/(-10).
13
Suppose 2*f = -u + 30, -2*f - 3*u - u + 30 = 0. Calculate the remainder when 49 is divided by f.
4
Suppose -45*n + 41*n + 276 = 0. What is the remainder when 135 is divided by n?
66
Let w be 65/15 + (-2)/6. Suppose w*m + 23 = 7. Calculate the remainder when 55 is divided by (-1)/2*m - -12.
13
Let h = 12 - 15. What is the remainder when 153 is divided by h/1*(8 - 21)?
36
Let n(q) = -51*q**3 + 3*q**2 + q - 1. Let f be n(-1). Suppose -2*j + 16 = k - f, 5*k + 76 = 3*j. What is the remainder when j is divided by 17?
15
Let q = 127 - 89. Suppose 0 = v + 3, 3*c - 52 - q = 3*v. What is the remainder when c is divided by 10?
7
Let n(z) = -z**3 - 8*z**2 + 5*z - 9. Let f be n(-8). Let b be (-8 - -7)/(1/f). Let k = -21 + b. What is the remainder when k is di